mine u(-9).
3
Let w be (-19)/(-3) + 4/6. Let j(f) = f**3 - 3*f + w + 0 + 4*f**2 - f. Let o be (-2)/(-5) - 162/30. What is j(o)?
2
Let f(c) = -c - 1. Let n be f(0). Let s(m) = -11*m**3 - 2*m**2 + 1. What is s(n)?
10
Let c(f) = -3 - 3 + 3 - f + 4. Give c(0).
1
Let i(n) = n**2 + n - 1. Let t(o) = -8*o**2 - 2*o + 2. Let l(s) = 4*i(s) + 2*t(s). What is l(-1)?
-12
Suppose l = -b + 1 + 2, -l + 4*b - 22 = 0. Let j(n) = -3*n**3 - 3*n**2 - n + 1. Determine j(l).
15
Let i(p) = -p**2 + p - 1. Let d(k) = -2*k**2 + 2*k - 3. Let l(h) = d(h) - 3*i(h). Give l(0).
0
Let d(q) = -q**2 - 5*q - 6. Suppose -2*b + 2*x = -4, 2*b + b - x - 2 = 0. Let u(n) = -n - 6 - 3 + b - 3. Let a be u(-8). Determine d(a).
-2
Let y(v) = v**2 + 8*v + 6. Suppose -6 = 2*k + 6. Give y(k).
-6
Let x(c) = -c + 3. Let f(s) = s**3 - 8*s**2 + 2*s - 9. Let b be f(8). Give x(b).
-4
Let j(y) = 2 + 10*y**2 + 3*y**3 - 3 - 9*y**2. Let v be j(1). Suppose 2*z - 3*x - 2 = -13, -v*x + 13 = -4*z. Let o(b) = -3*b**3 + b**2. Give o(z).
4
Let v(l) = 2*l + 5. Let x(f) = -2*f**3 + 3*f**2 + f - 2. Suppose 4*n + 28 = 4*k, n - 6*n - 25 = 0. Let y be x(k). Calculate v(y).
-3
Let p(o) = 5*o**2 + 9*o + 3. Let x(r) = -4*r**2 - 8*r - 3. Let n(j) = -3*p(j) - 4*x(j). Calculate n(-5).
3
Let t(r) = -r - 15. Let g be t(-15). Let a(k) = -k**2 - 4. Calculate a(g).
-4
Let b(x) = 5 - x - 4 + 0*x. Let j be b(6). Let w(d) be the second derivative of -d**5/20 - d**4/3 + d**3 + 3*d**2 - 2*d. What is w(j)?
1
Let o(j) be the third derivative of -j**5/60 + j**4/4 - 2*j**3/3 - 16*j**2. Suppose -20 = -4*n - 4*c + 20, 0 = -3*c + 15. Determine o(n).
1
Let a(w) = 6*w + 1. Let j(h) = -h**3 + 19*h**2 - 17*h - 21. Let x be j(18). Calculate a(x).
-17
Let d be (3 + 1)/(3 + -2). Let k = d - 1. Let y(q) = -k + 2 + 6 + q + 0. Give y(0).
5
Let i = -8 + 2. Let v(z) = -z**2 - 5*z. Give v(i).
-6
Let b(p) = -4*p**2 + p - 4. Let y(s) = 5*s**2 - 2*s + 5. Let k(o) = -3*b(o) - 2*y(o). Calculate k(-2).
8
Let t(b) = b**2 - 5*b + 6. Let j be 1/((-3 + 2)/(-14)). Let i = -10 + j. Give t(i).
2
Let g(o) = 0*o + 5 + 5*o**2 + 4*o + o**3 - 3. Determine g(-3).
8
Let d(r) = -1 + 3 - 2 - r - 1. What is d(3)?
-4
Suppose 0 = y + 5*q - 21, -y + 12 = y + 4*q. Let v be -10*(-2 - 6/y). Let t(w) = -6*w**2 + 3*w**3 + 3*w + 4 - 4*w**3 + 2*w**3. Determine t(v).
-6
Let m(a) = 187*a - 375*a + 187*a + 2*a**2. Determine m(-1).
3
Let t(u) = -u + 1. Let l be t(-2). Suppose -3*s - 23 = 4*x - 5, -l*x - 17 = 4*s. Let m(p) = -2*p + 1. Give m(s).
5
Let k(v) = v**2 + v. Suppose 0*g - 27 = -3*g. Let b(t) = -t + 11. Let m be b(g). Give k(m).
6
Let m(w) = -w**2 + 4*w + 5. Let l be m(5). Let n(b) be the second derivative of 0 - 2*b + 0*b**3 - 1/12*b**4 - 2*b**2. What is n(l)?
-4
Let t = 68 + -66. Let y(l) = 7*l - 2. Give y(t).
12
Let y = 12 + -8. Let h(m) = 3*m - y - 2*m + 2*m - 2*m. What is h(0)?
-4
Let a = -8 + 8. Let o(b) = 3*b - 5*b + 7 + a*b. What is o(5)?
-3
Let w(m) be the third derivative of m**5/20 - m**4/8 - m**2. Determine w(2).
6
Let z(y) be the third derivative of -y**7/840 + y**6/90 - y**5/40 + 5*y**4/24 - 2*y**3/3 - 4*y**2. Let s(o) be the first derivative of z(o). What is s(4)?
-7
Let j(p) = p**2 - 2. Let g be j(0). Let k be -3 - g - (-1 + 1). Let z(n) = 2*n + 0*n - 2*n**3 - n**2 - 1 - 3*n. Determine z(k).
1
Let b be ((-6)/(-2)*1)/1. Let i(j) = j**3 + 6*j**2 - 7*j - 1. Let s(o) = -o**3 - 5*o**2 + 6*o + 1. Suppose 2*u - 2 = u. Let h(g) = b*s(g) + u*i(g). Give h(-4).
1
Suppose 4*i + 8 = 4*q, 5*i + 3*q = 2*q + 20. Suppose 3 = 4*w + a, -w - 4*a = i*w - 12. Let o(z) = -z**2 + z + 14. Determine o(w).
14
Let y(j) = 31*j - 4*j**2 - j**3 - 32*j + 2 - 6. What is y(-4)?
0
Let j(p) = -p**2 + 3*p. Let s(o) = -3*o**2 + 7*o - 1. Let g(a) = 5*j(a) - 2*s(a). Let k(c) = -c**3 - 5*c**2 + c + 3. Let x be k(-5). Determine g(x).
4
Let h(l) = -4*l + 1. Let n be 4/26 - (-28)/(-13). Calculate h(n).
9
Let u(i) be the third derivative of i**5/60 - 5*i**4/24 + i**3/3 + 7*i**2. Let l = -16 + 22. Determine u(l).
8
Let l(o) = -5*o**2 + 5*o + 6. Let u(m) = 14*m**2 - 14*m - 17. Let z(a) = 11*l(a) + 4*u(a). What is z(-3)?
10
Suppose 2*k = -7*k + 36. Let c(z) = 3*z + 4. Give c(k).
16
Let r = -4 + 5. Suppose -4*t + 2*k + 34 = -0*k, 0 = -t - 5*k + 3. Let v(b) = -5 + 4 + 17*b - t*b. Calculate v(r).
8
Let k(r) = -10*r - 1 - 4*r + 17*r. Determine k(4).
11
Suppose 0 = 3*c - 5 + 2. Let y(x) be the third derivative of 0 + 7/120*x**6 + 0*x - 2*x**2 - 1/60*x**5 + 1/12*x**4 - 1/6*x**3. Give y(c).
7
Let y(r) be the first derivative of 2*r**4 - 2*r**3/3 - r**2 - r - 47. Let c(j) be the first derivative of j**2/2 - j - 1. Let h be c(0). Determine y(h).
-9
Suppose 5*b - 6 = 2*b. Suppose u = 7 - b. Let r(g) be the first derivative of g**2/2 - 3*g + 9. Determine r(u).
2
Let a(d) = -9*d + 9. Let t(p) = 4*p - 4. Let y(x) = -3*a(x) - 7*t(x). Let w(r) = r - 5. Suppose 3*b + 2 = 20. Let q be w(b). Determine y(q).
0
Let r(g) = -g**3 + 6*g**2 + 2*g - 7. Suppose 5*d - 20 = 0, -17 + 3 = -3*x + d. Let q be r(x). Let z(h) = q + h - h + h**2. What is z(0)?
5
Let f(i) = 3*i**2 + i + 4. Let k(x) = -7*x**2 - 3*x - 10. Let a(h) = -5*f(h) - 2*k(h). Calculate a(3).
-6
Suppose -q + 8 = 3*m, 2*m - 2*q - 6 = -3*m. Let o(l) = l**2 + 15*l - 13. Let p be o(-16). Let x(v) = 0*v - p*v - v. Give x(m).
-8
Let w(m) = m**3 - 4*m**2 - 6*m + 2. Let x be w(4). Let f be (24/(-10))/(x/55). Let z(k) = -k**3 + 5*k**2 + 2*k + 8. Give z(f).
-16
Let l(p) = -3*p - 2. Let s(d) be the first derivative of 3*d**2/2 + 3*d + 3. Let o(a) = -7*l(a) - 6*s(a). Determine o(4).
8
Let l(t) = -7*t + 1. Let k(b) = b - 5*b + 5*b. Let r(h) = -6*k(h) - l(h). Determine r(3).
2
Let r(h) = -h + 3. Let m(l) = l**2 + 7*l - 6. Let k be m(-9). Let g = k + -7. Let x be r(g). Let j(o) = -3*o**2 - 4*o - 3. Calculate j(x).
-7
Suppose 2*b = 2*y - 2, -9 = -3*b + 6*b - 5*y. Let k(s) = -b*s**3 + s**3 + s**3 + s**3 - 2 + 3*s**2. Determine k(-3).
-2
Let l(t) = -4*t + 5*t + 6*t. Determine l(1).
7
Suppose -4*x + 10 - 2 = 0. Let y(m) = -x*m + 0 + 4 + 0 + 3*m. Calculate y(-6).
-2
Let o = 20 - 6. Suppose o + 16 = -5*z. Let u = 5 + z. Let r(t) = 7*t + 1. Give r(u).
-6
Let z(k) be the second derivative of -k**3/6 + k**2 - 4*k + 3. Let t be 12 - 3 - (0 + 0). Suppose 0 = 5*x + 3*l - t, -x + 5*l - 2 = -5*x. Calculate z(x).
-1
Let o(l) = 1 + 0*l - 9 + l. Let b(n) = n - 7. Suppose s - 26 = -5*t, 3*t - 3 = -4*s - 1. Let v(j) = t*o(j) - 7*b(j). Calculate v(2).
-1
Suppose 5*a - 5*y = 0, 0*y = -2*y + 2. Let o(r) be the second derivative of -2*r**3/3 - 3*r. Determine o(a).
-4
Let q(k) = -2*k. Let i be q(-1). Suppose -5 = y + 3*p, 11 = i*y + 3*y + 3*p. Suppose -x - y*x = -5. Let t(z) = 5*z**2 - z. What is t(x)?
4
Let l(f) be the second derivative of -f**5/60 - f**4/6 + 2*f**3/3 - 4*f. Let a(p) be the second derivative of l(p). What is a(-3)?
2
Suppose 2*g - 16 = -3*z, -g - g - 2*z + 14 = 0. Suppose 26 = 2*j + g*b, 4*b - 22 - 3 = -3*j. Let x(k) = k**3 - 2*k**2 - 2*k - 3. Give x(j).
0
Let d(m) = -3*m + 4. Let h = -32 - -36. Give d(h).
-8
Let j(n) = -83*n**2 + 161*n**2 - 77*n**2 - 12*n + 14. What is j(10)?
-6
Let v be (-3)/(-3)*2 + 0. Let k(n) = 4*n + v - 5*n - 6 - 6. Determine k(0).
-10
Let l(n) be the first derivative of n**2/2 + n + 10. Give l(-1).
0
Let j = 7 + -13. Let t be (-2)/j - (-25)/15. Let p(s) be the first derivative of s**4/4 + s**3/3 - s**2/2 - 2*s - 3. What is p(t)?
8
Let d be 5/(-4) + 2/8. Let u = 13 - 9. Let y(c) = 0*c - u*c - 1 - c. Calculate y(d).
4
Let n(g) = -1 - 2 + g**3 + 2*g - 3*g + 9*g + 7*g**2. Give n(-6).
-15
Let l(w) = -4*w**2 - 3*w - 9. Let g(j) = -5*j**2 - 4*j - 10. Let y(v) = 5*g(v) - 6*l(v). Let o(b) be the first derivative of y(b). Calculate o(2).
-6
Let p = -9 - -12. Let m(o) be the first derivative of -4*o - 1 + 1/3*o**p + 1/2*o**2. Give m(-3).
2
Suppose 4*v + 3 = 27. Let b(c) = -3 + 14*c - 3 + 2 - 12*c. Calculate b(v).
8
Let v = 2 - -10. Let l be 3/(v/8)*-1. Let g(w) = 2*w**2 + 1. What is g(l)?
9
Let a be (-10 + 2)*(-2)/8. Let s(h) = -h**2 + 1 + 3*h**3 - a*h**3 - 2. Give s(2).
3
Let k(i) be the first derivative of -i**4/12 + i**3/6 + i**2/2 - 4*i - 1. Let x(m) be the first derivative of k(m). Determine x(-2).
-5
Let b = 68 + -46. Suppose 5*n + 7 = b. Let c(x) = 0 + 3*x + 2 - n. Give c(1).
2
Let a = -97 - -93. Let h(u) = -2*u**2 - 6*u - 4. Give h(a).
-12
Let w = -2 + 2. Let i(h) = w